7, 17, 26597
List the prime factors of 148223107.
43, 61, 56509
List the prime factors of 503107222.
2, 251553611
List the prime factors of 91723810.
2, 5, 29, 211, 1499
What are the prime factors of 151026631?
7, 21575233
List the prime factors of 1378457957.
29, 3833, 12401
What are the prime factors of 244327716?
2, 3, 2143, 3167
What are the prime factors of 87000103?
67, 233, 5573
What are the prime factors of 368515673?
29, 47, 270371
List the prime factors of 184964858.
2, 13, 41, 167, 1039
What are the prime factors of 104256196?
2, 11, 2369459
What are the prime factors of 158520361?
601, 263761
List the prime factors of 1731130893.
3, 17, 151, 24977
What are the prime factors of 304402086?
2, 3, 16911227
What are the prime factors of 1108900926?
2, 3, 7, 8800801
What are the prime factors of 108806313?
3, 7, 11, 67289
What are the prime factors of 19648077?
3, 1559, 4201
What are the prime factors of 64302277?
13, 31, 379, 421
What are the prime factors of 79030520?
2, 5, 37, 67, 797
What are the prime factors of 85067557?
59, 73, 19751
What are the prime factors of 331197743?
331197743
List the prime factors of 1282891477.
7, 4783, 38317
List the prime factors of 1360458641.
113, 12039457
List the prime factors of 106173028.
2, 13, 439, 4651
What are the prime factors of 27033617?
13, 181, 11489
What are the prime factors of 3308598170?
2, 5, 1531, 216107
What are the prime factors of 1972837852?
2, 493209463
List the prime factors of 90026932.
2, 22506733
List the prime factors of 601686807.
3, 200562269
List the prime factors of 17053949.
11, 1550359
List the prime factors of 21243695.
5, 11, 386249
What are the prime factors of 492884222?
2, 246442111
What are the prime factors of 309845001?
3, 4861, 21247
List the prime factors of 42229031.
13, 3248387
List the prime factors of 381230.
2, 5, 67, 569
What are the prime factors of 1003393269?
3, 37, 3013193
List the prime factors of 1972338093.
3, 11, 2213623
List the prime factors of 68583318.
2, 3, 29, 394157
List the prime factors of 1497294212.
2, 59, 6344467
What are the prime factors of 485871115?
5, 41, 2370103
What are the prime factors of 76110784?
2, 1189231
List the prime factors of 65136746.
2, 32568373
List the prime factors of 1368049230.
2, 3, 5, 293, 17293
What are the prime factors of 1039549029?
3, 346516343
What are the prime factors of 131516080?
2, 5, 17, 96703
What are the prime factors of 405499263?
3, 13, 10397417
List the prime factors of 148415310.
2, 3, 5, 1649059
List the prime factors of 207271527.
3, 977, 70717
List the prime factors of 2603283889.
41, 283, 224363
List the prime factors of 4133534506.
2, 2066767253
What are the prime factors of 190866199?
6113, 31223
What are the prime factors of 22450048?
2, 175391
What are the prime factors of 6189138221?
7, 43, 2063, 9967
List the prime factors of 784082001.
3, 261360667
List the prime factors of 64314281.
17, 41, 53, 1741
List the prime factors of 2278527260.
2, 5, 113926363
What are the prime factors of 12604365?
3, 5, 280097
What are the prime factors of 6362353678?
2, 41, 541, 143419
What are the prime factors of 1219056451?
17, 8069, 8887
List the prime factors of 365194635.
3, 5, 13, 144061
List the prime factors of 1113146362.
2, 556573181
What are the prime factors of 743501696?
2, 7, 118543
List the prime factors of 463958017.
19, 241, 101323
List the prime factors of 311362396.
2, 101, 797, 967
List the prime factors of 563107832.
2, 7, 10055497
What are the prime factors of 1869097445?
5, 373819489
List the prime factors of 1444616639.
137, 10544647
List the prime factors of 1698607723.
337, 5040379
What are the prime factors of 6014656094?
2, 32479, 92593
What are the prime factors of 38176105?
5, 11, 89, 709
What are the prime factors of 184449968?
2, 11528123
What are the prime factors of 26289504?
2, 3, 91283
What are the prime factors of 122902896?
2, 3, 103, 24859
List the prime factors of 3506744792.
2, 438343099
List the prime factors of 44472223.
1657, 26839
List the prime factors of 38391179.
6043, 6353
What are the prime factors of 69533464?
2, 7, 11, 13, 19, 457
What are the prime factors of 57385238?
2, 28692619
What are the prime factors of 82903979?
103, 804893
List the prime factors of 752632261.
59, 12756479
What are the prime factors of 44431000?
2, 5, 157, 283
What are the prime factors of 237646197?
3, 8801711
List the prime factors of 106542033.
3, 13, 2731847
List the prime factors of 27620794.
2, 19, 89, 8167
List the prime factors of 694657402.
2, 3767, 92203
List the prime factors of 55867688.
2, 29, 257, 937
What are the prime factors of 110714174?
2, 4451, 12437
What are the prime factors of 2331433419?
3, 7, 111020639
What are the prime factors of 304637838?
2, 3, 50772973
What are the prime factors of 174100319?
174100319
What are the prime factors of 3316049?
11, 301459
What are the prime factors of 623320998?
2, 3, 4951, 20983
List the prime factors of 325956081.
3, 11, 229, 43133
List the prime factors of 105581563.
105581563
What are the prime factors of 146056016?
2, 9128501
What are the prime factors of 12706650?
2, 3, 5, 11, 17, 151
List the prime factors of 2739395440.
2, 5, 34242443
List the prime factors of 921733009.
3833, 240473
What are the prime factors of 1501439692?
2, 375359923
List the prime factors of 43813941.
3, 14604647
What are the prime factors of 44169534?
2, 3, 1499, 1637
What are the prime factors of 362628930?
2, 3, 5, 3259, 3709
What are the prime factors of 86225887?
11, 17, 461101
List the prime factors of 175809941.
229, 767729
What are the prime factors of 5018802698?
2, 7, 13, 29, 97, 9803
List the prime factors of 4569636064.
2, 7, 20400161
What are the prime factors of 278767579?
16267, 17137
What are the prime factors of 176782344?
2, 3, 151, 48781
What are the prime factors of 8088659?
191, 42349
What are the prime factors of 269993243?
13, 20768711
What are the prime factors of 266235519?
3, 11, 1069, 7547
List the prime factors of 840702831.
3, 23, 12184099
List the prime factors of 4523348614.
2, 4567, 495221
What are the prime factors of 28298588?
2, 7074647
List the prime factors of 39989929.
7, 816121
What are the prime factors of 274353749?
19, 14439671
What are the prime factors of 22445512?
2, 2805689
What are the prime factors of 1001491269?
3, 333830423
List the prime factors of 76223853.
3, 163, 223, 233
List the prime factors of 98367301.
2837, 34673
List the prime factors of 348692754.
2, 3, 58115459
What are the prime factors of 138305083?
7, 293, 67433
What are the prime factors of 259074853?
259074853
List the prime factors of 161158599.
3, 7, 181, 673
What are the prime factors of 939519673?
857, 1096289
List the prime factors of 5015553363.
3, 673, 828059
List the prime factors of 55558971.
3, 13, 149, 3187
What are the prime factors of 7133579472?
2, 3, 148616239
What are the prime factors of 1307134883?
199, 6568517
What are the prime factors of 2881251681?
3, 7, 11, 17, 43159
What are the prime factors of 284918659?
284918659
What are the prime factors of 290851323?
3, 7, 13850063
What are the prime factors of 81109207?
81109207
What are the prime factors of 155891846?
2, 11, 19, 149, 2503
List the prime factors of 1718817122.
2, 11, 78128051
List the prime factors of 1302884638.
2, 11, 2729, 21701
What are the prime factors of 68663523?
3, 22887841
What are the prime factors of 58239593?
58239593
What are the prime factors of 88090992?
2, 3, 11, 19, 2927
What are the prime factors of 45300686?
2, 431, 52553
What are the prime factors of 93643460?
2, 5, 4682173
What are the prime factors of 34544505?
3, 5, 23, 100129
List the prime factors of 1692180325.
5, 11, 6153383
What are the prime factors of 214754086?
2, 107377043
What are the prime factors of 30175977?
3, 13, 23, 33641
What are the prime factors of 2661986823?
3, 887328941
List the prime factors of 69934296.
2, 3, 2913929
List the prime factors of 12453094.
2, 19, 41, 7993
What are the prime factors of 517171570?
2, 5, 37, 1397761
What are the prime factors of 17718952?
2, 2214869
List the prime factors of 189793963.
239, 373, 2129
List the prime factors of 396267170.
2, 5, 13, 1319, 2311
List the prime factors of 372360316.
2, 17, 3221